 63 - 42. Suppose -2415 = 6*g + g. Let i = g - -359. Calculate the highest common factor of c and i.
7
Let g(z) = z**2 - 17*z + 13. Let v be g(8). Let u = 48 + v. Let r(y) = -y**2 - 14*y - 11. Let l be r(u). What is the greatest common factor of l and 88?
22
Let a = -7241 - -7383. Suppose -2*u + 1065 = 3*u. Calculate the highest common divisor of u and a.
71
Suppose 6225 - 150885 + 16644 = -84*x. Calculate the highest common factor of 120 and x.
12
Suppose -18*g + 75 = -13*g. Let j be (-6)/(-9) - (-1040)/g. Let i be (-27)/(-9) - 10*(-5)/2. Calculate the highest common factor of j and i.
14
Suppose 19*r - 2136 = 4*o + 16*r, 3*r = 2*o + 1068. Let g = -457 - o. What is the highest common divisor of 11 and g?
11
Suppose -10 = -a - 6*v + 3*v, 0 = 2*a + 2*v - 12. Let d(w) = 46*w + 5. Let p be d(a). Suppose 34*k + 105 = 39*k. What is the highest common divisor of k and p?
21
Let o = -4681 + 7991. What is the greatest common divisor of o and 50?
10
Let j(h) = -3*h**2 - 1036*h + 12. Let n be j(-22). What is the greatest common divisor of n and 272?
136
Let n(p) = -p**2 - p + 154. Let a be n(0). Let c = -38164 - -38208. What is the greatest common factor of a and c?
22
Suppose 6312 = 33*s - 3489. Let n be 3696/s + (-8)/18. What is the highest common divisor of 16 and n?
4
Suppose -102*h + 4*p - 8712 = -107*h, -4*h + 6904 = -5*p. What is the greatest common factor of h and 175?
7
Let r = -4370 - -4414. What is the highest common divisor of r and 1298?
22
Let m be (3 + (-252)/60)/(2/(-605)). Suppose 8*h - 149 - m = 0. Calculate the highest common factor of 112 and h.
16
Suppose 2*s + 30 = 7*s. Let x(b) = 8*b + 0*b**2 + b**2 - s*b**2 + 4*b**2. Let t be x(5). What is the greatest common factor of t and 60?
15
Let g = -45 + 92. Let j = -567 + 614. What is the highest common factor of j and g?
47
Let j be (-73)/(-3) + 2/3. Suppose -52*r + 259*r - 1035 = 0. What is the highest common divisor of j and r?
5
Let h = -364 + 252. Let r = h - -123. What is the greatest common divisor of r and 374?
11
Let m = -665 + 749. Calculate the greatest common divisor of 8652 and m.
84
Let m be 18*4 + 4/(-1). Let c = 73 - m. Let t(y) = y**3 - y**2 + y + 4. Let s be t(3). What is the greatest common factor of s and c?
5
Suppose 6 = 2*n, 2*s + 2*n - 194 = 160. Calculate the greatest common divisor of s and 72.
6
Suppose -4*v + 0*v + 2*c + 340 = 0, -5*v - 4*c = -425. Let f be (-20)/30*(-12)/8. Let a be 34/((6/3)/f). Calculate the highest common factor of v and a.
17
Let z = 9 - 21. Let a = -9 - z. Calculate the highest common divisor of a and 27.
3
Let d = 34876 + -34426. Let k be (-1 - 10/(-1)) + 1. Calculate the greatest common divisor of d and k.
10
Suppose 3*z + 2 = -10. Let b(a) = 4*a**2 + 3*a - 1. Let j be b(z). Let y be 177/5 - 707/505. What is the greatest common factor of y and j?
17
Suppose 4*c = -v + 1292, 1300 = 321*c - 317*c + 3*v. Calculate the highest common factor of c and 35.
7
Let y be (-26)/(-91) - ((-17244)/21)/3. Suppose y = 4*s - 350. What is the highest common factor of 12 and s?
12
Let p be ((-2)/(-3))/(14/168). Suppose 149 = -p*a + 461. What is the greatest common divisor of 507 and a?
39
Suppose 0 = -4*v - 2619 + 3799. What is the highest common divisor of 4543 and v?
59
Let w(c) = 7*c**3 - 12*c - 5*c**2 + 14 + 6*c + 34*c**2 + 12*c**2. Let r be w(-6). What is the highest common factor of 448 and r?
14
Suppose -2*f = -4*j + 183 + 223, 0 = -4*j - 4*f + 364. Calculate the highest common divisor of j and 938.
14
Let c be (-1)/(-1)*(2 - 1). Let j be c + 0 - (-11 - 37). Let d = j - 16. What is the highest common factor of d and 3?
3
Let g be (3/6)/(2/92). Let t = -73 + g. Let c be (0 + 1)*(-4 + t)/(-6). What is the highest common divisor of 27 and c?
9
Let w(x) = -6*x + 104. Let z be w(18). Let h be (94584/238)/12 + z/34. Calculate the highest common factor of h and 594.
33
Let q = -8 - -34. Suppose 5*z = 3*t, -z - t + 20 = 4*z. Suppose -z*r + 622 = 2*g, -6*r - g = -2*r - 831. What is the highest common factor of r and q?
26
Let g = 18549 - -6099. What is the greatest common factor of g and 12?
12
Let j = -1787 - -2498. Calculate the highest common factor of 207 and j.
9
Let t(v) = v**3 + 7*v**2 - 7*v - 7. Suppose -3*q - 69 = -26*q. Let z be t(q). Calculate the greatest common divisor of z and 558.
62
Suppose -223*z + 314221 = -21394. Calculate the highest common factor of 430 and z.
215
Suppose -4*t + 218 + 490 = -3*q, -t - 4*q = -158. Suppose 3118*f - 2403 = 2317*f. Calculate the greatest common divisor of t and f.
3
Suppose -4293*l + 4305*l - 290 = -5*d, -l - 58 = -d. Let y(a) = 8*a - 3. Let r be y(4). What is the highest common factor of d and r?
29
Suppose 11697 = 61*m - 42873 - 108910. Calculate the highest common factor of 201 and m.
67
Suppose -6642 = -311*g + 270*g. What is the greatest common divisor of g and 4878?
18
Let g be (16 + -64)*(-6)/8. Let d = g - 30. Let a = 18 + 0. What is the highest common divisor of d and a?
6
Suppose 29*w = 24*w - 2*u + 11265, 4*w = -4*u + 9000. What is the highest common factor of 110 and w?
55
Let p(t) = 2*t - 32. Let f = 35 - 14. Let a be p(f). Calculate the greatest common divisor of a and 10.
10
Suppose -b = 4*p - 63, -4*b + 18 + 69 = 5*p. Let m(w) = w**3 - 11*w**2 - 51*w - 18. Let a be m(p). Calculate the highest common divisor of 9 and a.
9
Suppose 4*x + 5 = -2*s + 21, -3*s - 2*x + 12 = 0. Let w = -67 - -76. Suppose 0 = -16*k + 19*k - w. What is the greatest common divisor of k and s?
1
Let w = 9 + -6. Suppose -33*z + 35*z + w*j = 32, 0 = 2*z + 5*j - 36. What is the highest common divisor of z and 286?
13
Suppose 96 = -969*z + 981*z. Let n(k) be the third derivative of k**5/20 + k**4/24 + k**3/3 + k**2. Let j be n(3). What is the highest common factor of z and j?
8
Let c = 90 - 54. Let n be (-1)/((12/648)/(132/(-9))). Calculate the highest common divisor of n and c.
36
Suppose -m - 5*b = -93, 101 = 8*m - 6*m - 7*b. Calculate the greatest common divisor of m and 3298.
34
Let s be -2*1/8 - 162/(-8). Suppose -3*h = -40 - s. Calculate the greatest common factor of 30 and h.
10
Let j = -3981 - -4202. What is the highest common divisor of 289 and j?
17
Let v = 6 - -3. Let o(i) = -12*i**2 + v*i**3 - 1 + 13*i**2 + 2*i**3. Let z be o(1). What is the highest common divisor of 66 and z?
11
Let h = 143 + -54. Suppose 4*z + h = 365. Calculate the highest common factor of 115 and z.
23
Suppose 0*j - 185 = 5*j. Let h = -31 - 0. Let a = h - j. Calculate the greatest common divisor of a and 6.
6
Let z be -195*((-7)/126 + 536/(-720)). Suppose 480 = 5*l - 0*k - k, 5*k = -5*l + 450. Suppose 0 = p - 9 - l. Calculate the highest common divisor of z and p.
52
Let x(a) = -20*a + 879. Let t be x(-15). Calculate the highest common divisor of 655 and t.
131
Let v = -9003 - -9020. Calculate the greatest common factor of v and 1513.
17
Let z = -3141 - -3294. What is the highest common divisor of 9 and z?
9
Suppose 22*l - 9570 = 19*l. Let t be 2/(-9) + l/261. Let r(w) = -w**3 + 5*w**2 + 2*w - 6. Let o be r(4). What is the highest common factor of o and t?
6
Suppose 7*a - 9*a = p + 3, -2*a = 8. Let v be 11*(1 + -4 + 2). Let t = -6 - v. What is the greatest common divisor of p and t?
5
Suppose 266*p - 12 = 268*p + 5*c, 2*p - 48 = 5*c. What is the greatest common divisor of 59 and p?
1
Let q(t) = -2*t**2 - 4*t + 27. Let j be q(3). Let m be -5*(j + (-12)/(-6)). Let p be 2*(2 + 0)*5. Calculate the highest common factor of p and m.
5
Suppose -59055 = 296*j - 253231. Calculate the greatest common factor of 528 and j.
16
Let q(v) = 349*v + 2850. Let k be q(-7). Calculate the highest common factor of 296 and k.
37
Let a(b) = -b**3 - 15*b**2 - 71*b - 89. Let z be a(-7). Let c be (-1 - 7)*(-4)/2. Calculate the greatest common factor of z and c.
16
Suppose -8*n + 5*n = p - 268, 5*p + 40 = 0. Calculate the highest common factor of 2875 and n.
23
Let x = 1220 - 700. Suppose 13*g - x = 104. Let y(h) = 96*h**3 - 2*h**2 + 2. Let j be y(1). Calculate the highest common factor of j and g.
48
Let w be 7 + 7/7 - 6. Suppose 6*x = w*x + 32. What is the highest common divisor of 68 and x?
4
Let a(l) = 162*l + 33. Let m be a(0). Suppose -3*k = -4*k + 22. Calculate the greatest common factor of m and k.
11
Let p(a) = -19*a + 7. Let k be p(-2). Suppose -12*f + 6